{"id":510,"date":"2015-03-22T12:22:04","date_gmt":"2015-03-22T10:22:04","guid":{"rendered":"http:\/\/wp.gruene-jaeger.de\/?page_id=510"},"modified":"2024-09-15T22:18:32","modified_gmt":"2024-09-15T20:18:32","slug":"sponsoren","status":"publish","type":"page","link":"https:\/\/gruene-jaeger.de\/?page_id=510","title":{"rendered":"Sponsoren"},"content":{"rendered":"<p>Uniformen- und Instrumentenbeschaffung sind eine stetige Herausforderung f\u00fcr unseren Kassenbestand.\u00a0 Regelm\u00e4\u00dfig und gro\u00dfz\u00fcgig unterst\u00fctzen uns dabei<strong> \u00f6rtliche Sponsoren<\/strong> bei der Bew\u00e4ltigung der Finanzierung. <em>Daf\u00fcr m\u00f6chten wir uns recht herzlich bei allen unseren G\u00f6nnern und F\u00f6rderern bedanken!<\/em><\/p>\n<p>Anl\u00e4sslich unseres Jahreskonzertes erfreuen wir uns der Unterst\u00fctzung durch ein <a href=\"http:\/\/www.suema.com\/MV\/Notensponsoring_Konzert_2024.pdf\"><strong>Notensponsoring<\/strong><\/a>. Haben Sie Interesse, uns bei der Anschaffung neuen Notenmateriales unter die Arme zu greifen? Wir freuen uns \u00fcber Ihre Kontaktaufnahme.<\/p>\n<p>Eine einmalige, aber enorm wichtige Anschaffung war bereits vor einem Jahrzehnt unser <strong>Schlagzeuganh\u00e4nger<\/strong>, der uns in die Lage versetzt, das umfangreiche Schlagwerk inklusive Pauken und Xylophon nicht nur am Jahreskonzert zu nutzen, sondern auch bei unterj\u00e4hrigen Auftritten in Nah und Fern: Erntedankfest Sasbachwalden, am Zwetschgenfest in B\u00fchl und vielen weiteren Gelegenheiten.<\/p>\n<p>Nach so langer Zeit sind uns Werbeplakate deutlich in die Jahre gekommen. Wir wollen daher in n\u00e4chster Zeit wieder eine Sponsoringaktion f\u00fcr Werbeplakate auf unserem Schlagzeuganh\u00e4nger starten. N\u00e4here Informationen in K\u00fcrze!<\/p>\n<p>Die bisherige Sponsorenliste mit Ihren Logos finden Sie <strong><a href=\"https:\/\/gruene-jaeger.de\/?page_id=691\">hier.<\/a><\/strong><\/p>\n<p>Haben Sie Interesse bei der neuen Aktion dabei zu sein? &#8211; kein Problem, Sie d\u00fcrfen sich gerne bei uns melden!<\/p>\n","protected":false},"excerpt":{"rendered":"<p>Uniformen- und Instrumentenbeschaffung sind eine stetige Herausforderung f\u00fcr unseren Kassenbestand.\u00a0 Regelm\u00e4\u00dfig und gro\u00dfz\u00fcgig unterst\u00fctzen uns dabei \u00f6rtliche Sponsoren bei der Bew\u00e4ltigung der Finanzierung. Daf\u00fcr m\u00f6chten wir uns recht herzlich bei allen unseren G\u00f6nnern und F\u00f6rderern bedanken! Anl\u00e4sslich unseres Jahreskonzertes erfreuen &hellip; <a href=\"https:\/\/gruene-jaeger.de\/?page_id=510\">Weiterlesen <span class=\"meta-nav\">&rarr;<\/span><\/a><\/p>\n","protected":false},"author":1,"featured_media":0,"parent":7,"menu_order":0,"comment_status":"closed","ping_status":"closed","template":"sidebar-page.php","meta":{"_acf_changed":false,"_crdt_document":"","ngg_post_thumbnail":0,"_price":"","_stock":"","_tribe_ticket_header":"","_tribe_default_ticket_provider":"","_tribe_ticket_capacity":"0","_ticket_start_date":"","_ticket_end_date":"","_tribe_ticket_show_description":"","_tribe_ticket_show_not_going":false,"_tribe_ticket_use_global_stock":"","_tribe_ticket_global_stock_level":"","_global_stock_mode":"","_global_stock_cap":"","_tribe_rsvp_for_event":"","_tribe_ticket_going_count":"","_tribe_ticket_not_going_count":"","_tribe_tickets_list":"[]","_tribe_ticket_has_attendee_info_fields":false,"footnotes":"","_tec_slr_enabled":"","_tec_slr_layout":""},"class_list":["post-510","page","type-page","status-publish","hentry"],"acf":[],"yoast_head":"<!-- This site is optimized with the Yoast SEO plugin v27.6 - https:\/\/yoast.com\/product\/yoast-seo-wordpress\/ -->\n<title>Sponsoren - Trachtenkapelle Gr\u00fcne J\u00e4ger e.V.<\/title>\n<meta name=\"robots\" content=\"index, follow, max-snippet:-1, max-image-preview:large, max-video-preview:-1\" \/>\n<link rel=\"canonical\" href=\"https:\/\/gruene-jaeger.de\/?page_id=510\" \/>\n<meta property=\"og:locale\" content=\"de_DE\" \/>\n<meta property=\"og:type\" content=\"article\" \/>\n<meta property=\"og:title\" content=\"Sponsoren - Trachtenkapelle Gr\u00fcne J\u00e4ger e.V.\" \/>\n<meta property=\"og:description\" content=\"Uniformen- und Instrumentenbeschaffung sind eine stetige Herausforderung f\u00fcr unseren Kassenbestand.\u00a0 Regelm\u00e4\u00dfig und gro\u00dfz\u00fcgig unterst\u00fctzen uns dabei \u00f6rtliche Sponsoren bei der Bew\u00e4ltigung der Finanzierung. Daf\u00fcr m\u00f6chten wir uns recht herzlich bei allen unseren G\u00f6nnern und F\u00f6rderern bedanken! Anl\u00e4sslich unseres Jahreskonzertes erfreuen &hellip; Weiterlesen &rarr;\" \/>\n<meta property=\"og:url\" content=\"https:\/\/gruene-jaeger.de\/?page_id=510\" \/>\n<meta property=\"og:site_name\" content=\"Trachtenkapelle Gr\u00fcne J\u00e4ger e.V.\" \/>\n<meta property=\"article:modified_time\" content=\"2024-09-15T20:18:32+00:00\" \/>\n<meta name=\"twitter:label1\" content=\"Gesch\u00e4tzte Lesezeit\" \/>\n\t<meta name=\"twitter:data1\" content=\"1\u00a0Minute\" \/>\n<script type=\"application\/ld+json\" class=\"yoast-schema-graph\">{\"@context\":\"https:\\\/\\\/schema.org\",\"@graph\":[{\"@type\":\"WebPage\",\"@id\":\"https:\\\/\\\/gruene-jaeger.de\\\/?page_id=510\",\"url\":\"https:\\\/\\\/gruene-jaeger.de\\\/?page_id=510\",\"name\":\"Sponsoren - Trachtenkapelle Gr\u00fcne J\u00e4ger e.V.\",\"isPartOf\":{\"@id\":\"https:\\\/\\\/gruene-jaeger.de\\\/#website\"},\"datePublished\":\"2015-03-22T10:22:04+00:00\",\"dateModified\":\"2024-09-15T20:18:32+00:00\",\"breadcrumb\":{\"@id\":\"https:\\\/\\\/gruene-jaeger.de\\\/?page_id=510#breadcrumb\"},\"inLanguage\":\"de\",\"potentialAction\":[{\"@type\":\"ReadAction\",\"target\":[\"https:\\\/\\\/gruene-jaeger.de\\\/?page_id=510\"]}]},{\"@type\":\"BreadcrumbList\",\"@id\":\"https:\\\/\\\/gruene-jaeger.de\\\/?page_id=510#breadcrumb\",\"itemListElement\":[{\"@type\":\"ListItem\",\"position\":1,\"name\":\"Home\",\"item\":\"https:\\\/\\\/gruene-jaeger.de\\\/\"},{\"@type\":\"ListItem\",\"position\":2,\"name\":\"Aktuell\",\"item\":\"https:\\\/\\\/gruene-jaeger.de\\\/?page_id=7\"},{\"@type\":\"ListItem\",\"position\":3,\"name\":\"Sponsoren\"}]},{\"@type\":\"WebSite\",\"@id\":\"https:\\\/\\\/gruene-jaeger.de\\\/#website\",\"url\":\"https:\\\/\\\/gruene-jaeger.de\\\/\",\"name\":\"Trachtenkapelle Gr\u00fcne J\u00e4ger e.V.\",\"description\":\"Musikverein Neusatz - gegr. 1896\",\"publisher\":{\"@id\":\"https:\\\/\\\/gruene-jaeger.de\\\/#organization\"},\"potentialAction\":[{\"@type\":\"SearchAction\",\"target\":{\"@type\":\"EntryPoint\",\"urlTemplate\":\"https:\\\/\\\/gruene-jaeger.de\\\/?s={search_term_string}\"},\"query-input\":{\"@type\":\"PropertyValueSpecification\",\"valueRequired\":true,\"valueName\":\"search_term_string\"}}],\"inLanguage\":\"de\"},{\"@type\":\"Organization\",\"@id\":\"https:\\\/\\\/gruene-jaeger.de\\\/#organization\",\"name\":\"\\\"Gr\u00fcne J\u00e4ger\\\" Musikverein Neusatz e.V.\",\"url\":\"https:\\\/\\\/gruene-jaeger.de\\\/\",\"logo\":{\"@type\":\"ImageObject\",\"inLanguage\":\"de\",\"@id\":\"https:\\\/\\\/gruene-jaeger.de\\\/#\\\/schema\\\/logo\\\/image\\\/\",\"url\":\"http:\\\/\\\/gruene-jaeger.de\\\/wp-content\\\/uploads\\\/2015\\\/11\\\/Logo.png\",\"contentUrl\":\"http:\\\/\\\/gruene-jaeger.de\\\/wp-content\\\/uploads\\\/2015\\\/11\\\/Logo.png\",\"width\":500,\"height\":500,\"caption\":\"\\\"Gr\u00fcne J\u00e4ger\\\" Musikverein Neusatz e.V.\"},\"image\":{\"@id\":\"https:\\\/\\\/gruene-jaeger.de\\\/#\\\/schema\\\/logo\\\/image\\\/\"}}]}<\/script>\n<!-- \/ Yoast SEO plugin. -->","yoast_head_json":{"title":"Sponsoren - Trachtenkapelle Gr\u00fcne J\u00e4ger e.V.","robots":{"index":"index","follow":"follow","max-snippet":"max-snippet:-1","max-image-preview":"max-image-preview:large","max-video-preview":"max-video-preview:-1"},"canonical":"https:\/\/gruene-jaeger.de\/?page_id=510","og_locale":"de_DE","og_type":"article","og_title":"Sponsoren - Trachtenkapelle Gr\u00fcne J\u00e4ger e.V.","og_description":"Uniformen- und Instrumentenbeschaffung sind eine stetige Herausforderung f\u00fcr unseren Kassenbestand.\u00a0 Regelm\u00e4\u00dfig und gro\u00dfz\u00fcgig unterst\u00fctzen uns dabei \u00f6rtliche Sponsoren bei der Bew\u00e4ltigung der Finanzierung. Daf\u00fcr m\u00f6chten wir uns recht herzlich bei allen unseren G\u00f6nnern und F\u00f6rderern bedanken! Anl\u00e4sslich unseres Jahreskonzertes erfreuen &hellip; Weiterlesen &rarr;","og_url":"https:\/\/gruene-jaeger.de\/?page_id=510","og_site_name":"Trachtenkapelle Gr\u00fcne J\u00e4ger e.V.","article_modified_time":"2024-09-15T20:18:32+00:00","twitter_misc":{"Gesch\u00e4tzte Lesezeit":"1\u00a0Minute"},"schema":{"@context":"https:\/\/schema.org","@graph":[{"@type":"WebPage","@id":"https:\/\/gruene-jaeger.de\/?page_id=510","url":"https:\/\/gruene-jaeger.de\/?page_id=510","name":"Sponsoren - Trachtenkapelle Gr\u00fcne J\u00e4ger e.V.","isPartOf":{"@id":"https:\/\/gruene-jaeger.de\/#website"},"datePublished":"2015-03-22T10:22:04+00:00","dateModified":"2024-09-15T20:18:32+00:00","breadcrumb":{"@id":"https:\/\/gruene-jaeger.de\/?page_id=510#breadcrumb"},"inLanguage":"de","potentialAction":[{"@type":"ReadAction","target":["https:\/\/gruene-jaeger.de\/?page_id=510"]}]},{"@type":"BreadcrumbList","@id":"https:\/\/gruene-jaeger.de\/?page_id=510#breadcrumb","itemListElement":[{"@type":"ListItem","position":1,"name":"Home","item":"https:\/\/gruene-jaeger.de\/"},{"@type":"ListItem","position":2,"name":"Aktuell","item":"https:\/\/gruene-jaeger.de\/?page_id=7"},{"@type":"ListItem","position":3,"name":"Sponsoren"}]},{"@type":"WebSite","@id":"https:\/\/gruene-jaeger.de\/#website","url":"https:\/\/gruene-jaeger.de\/","name":"Trachtenkapelle Gr\u00fcne J\u00e4ger e.V.","description":"Musikverein Neusatz - gegr. 1896","publisher":{"@id":"https:\/\/gruene-jaeger.de\/#organization"},"potentialAction":[{"@type":"SearchAction","target":{"@type":"EntryPoint","urlTemplate":"https:\/\/gruene-jaeger.de\/?s={search_term_string}"},"query-input":{"@type":"PropertyValueSpecification","valueRequired":true,"valueName":"search_term_string"}}],"inLanguage":"de"},{"@type":"Organization","@id":"https:\/\/gruene-jaeger.de\/#organization","name":"\"Gr\u00fcne J\u00e4ger\" Musikverein Neusatz e.V.","url":"https:\/\/gruene-jaeger.de\/","logo":{"@type":"ImageObject","inLanguage":"de","@id":"https:\/\/gruene-jaeger.de\/#\/schema\/logo\/image\/","url":"http:\/\/gruene-jaeger.de\/wp-content\/uploads\/2015\/11\/Logo.png","contentUrl":"http:\/\/gruene-jaeger.de\/wp-content\/uploads\/2015\/11\/Logo.png","width":500,"height":500,"caption":"\"Gr\u00fcne J\u00e4ger\" Musikverein Neusatz e.V."},"image":{"@id":"https:\/\/gruene-jaeger.de\/#\/schema\/logo\/image\/"}}]}},"ticketed":false,"_links":{"self":[{"href":"https:\/\/gruene-jaeger.de\/index.php?rest_route=\/wp\/v2\/pages\/510","targetHints":{"allow":["GET"]}}],"collection":[{"href":"https:\/\/gruene-jaeger.de\/index.php?rest_route=\/wp\/v2\/pages"}],"about":[{"href":"https:\/\/gruene-jaeger.de\/index.php?rest_route=\/wp\/v2\/types\/page"}],"author":[{"embeddable":true,"href":"https:\/\/gruene-jaeger.de\/index.php?rest_route=\/wp\/v2\/users\/1"}],"replies":[{"embeddable":true,"href":"https:\/\/gruene-jaeger.de\/index.php?rest_route=%2Fwp%2Fv2%2Fcomments&post=510"}],"version-history":[{"count":18,"href":"https:\/\/gruene-jaeger.de\/index.php?rest_route=\/wp\/v2\/pages\/510\/revisions"}],"predecessor-version":[{"id":3735,"href":"https:\/\/gruene-jaeger.de\/index.php?rest_route=\/wp\/v2\/pages\/510\/revisions\/3735"}],"up":[{"embeddable":true,"href":"https:\/\/gruene-jaeger.de\/index.php?rest_route=\/wp\/v2\/pages\/7"}],"wp:attachment":[{"href":"https:\/\/gruene-jaeger.de\/index.php?rest_route=%2Fwp%2Fv2%2Fmedia&parent=510"}],"curies":[{"name":"wp","href":"https:\/\/api.w.org\/{rel}","templated":true}]}}