{"id":45,"date":"2013-01-23T02:44:07","date_gmt":"2013-01-23T00:44:07","guid":{"rendered":"http:\/\/wp.gruene-jaeger.de\/?page_id=45"},"modified":"2024-05-16T18:57:43","modified_gmt":"2024-05-16T16:57:43","slug":"ueber-uns","status":"publish","type":"page","link":"https:\/\/gruene-jaeger.de\/?page_id=45","title":{"rendered":"\u00dcber uns"},"content":{"rendered":"<p>Herzlich willkommen auf unserer Internetpr\u00e4senz!<\/p>\n<p>Wir f\u00fchlen uns nicht als typische Blasmusikkapelle, sondern als eine Kapelle mit Ihrem eigenen Stil und einem aktuellen, modernen Klangbild.<\/p>\n<table style=\"width: 690px;\">\n<tbody>\n<tr>\n<td style=\"text-align: left; vertical-align: middle; width: 382px;\">Obwohl wir bereits \u00fcber 125 Jahre alt sind &#8211; unsere Vereinsgr\u00fcndung geht auf das Jahr <strong>1896<\/strong> zur\u00fcck -, haben wir uns erstaunlich jung gehalten &#8211; 2\/3 unserer Aktiven sind j\u00fcnger als 30 Jahre. Zudem sind wir mittlerweile \u00fcberwiegend weiblich! Wir spannen einen harmonischen Bogen von den Musikern \u00fcber den Dirigent zu unserem Publikum &#8211; und das \u00fcber alle Generationen!<\/td>\n<td style=\"vertical-align: middle; width: 286px;\"><a href=\"https:\/\/gruene-jaeger.de\/wp-content\/uploads\/2013\/01\/Alterstruktur.jpg\"><img loading=\"lazy\" decoding=\"async\" class=\"alignright wp-image-2014\" src=\"https:\/\/gruene-jaeger.de\/wp-content\/uploads\/2013\/01\/Alterstruktur.jpg\" alt=\"unsere derzeitige Alterstruktur - von der Blockfl\u00f6tenklasse bis zum Erwachsenenorchester\" width=\"228\" height=\"228\"><\/a><\/td>\n<\/tr>\n<\/tbody>\n<\/table>\n<h1 style=\"text-align: center;\">Unser <strong>Probentag<\/strong> ist der Donnerstag, Beginn 19.30 Uhr, Dauer: 2 h<\/h1>\n<h1 style=\"text-align: center;\">Probelokal: im Dachgeschoss der Alten Schule hinter dem Rathaus in Neusatz, Schwarzwaldstra\u00dfe 47<\/h1>\n<p style=\"text-align: center;\">Quereinsteiger und\/oder Neusatzer Neub\u00fcrger sind jederzeit herzlich willkommen!<\/p>\n<p style=\"text-align: center;\"><em>Wir laden Sie ein, einfach mal bei uns vorbei zu schauen.<\/em><\/p>\n<p>Viel Spa\u00df und Information w\u00fcnschen Ihnen die &#8222;Gr\u00fcnen J\u00e4ger&#8220; &#8211; \u00fcber Ihren Besuch auf einer unserer zahlreichen Veranstaltungen \u00fcber das Jahr hinweg freuen wir uns bereits jetzt!<\/p>\n<p>&nbsp;<\/p>\n","protected":false},"excerpt":{"rendered":"<p>Herzlich willkommen auf unserer Internetpr\u00e4senz! Wir f\u00fchlen uns nicht als typische Blasmusikkapelle, sondern als eine Kapelle mit Ihrem eigenen Stil und einem aktuellen, modernen Klangbild. Obwohl wir bereits \u00fcber 125 Jahre alt sind &#8211; unsere Vereinsgr\u00fcndung geht auf das Jahr &hellip; <a href=\"https:\/\/gruene-jaeger.de\/?page_id=45\">Weiterlesen <span class=\"meta-nav\">&rarr;<\/span><\/a><\/p>\n","protected":false},"author":1,"featured_media":0,"parent":0,"menu_order":0,"comment_status":"closed","ping_status":"closed","template":"sidebar-page.php","meta":{"_acf_changed":false,"_crdt_document":"","ngg_post_thumbnail":0,"_price":"","_stock":"","_tribe_ticket_header":"","_tribe_default_ticket_provider":"","_tribe_ticket_capacity":"0","_ticket_start_date":"","_ticket_end_date":"","_tribe_ticket_show_description":"","_tribe_ticket_show_not_going":false,"_tribe_ticket_use_global_stock":"","_tribe_ticket_global_stock_level":"","_global_stock_mode":"","_global_stock_cap":"","_tribe_rsvp_for_event":"","_tribe_ticket_going_count":"","_tribe_ticket_not_going_count":"","_tribe_tickets_list":"[]","_tribe_ticket_has_attendee_info_fields":false,"footnotes":"","_tec_slr_enabled":"","_tec_slr_layout":""},"class_list":["post-45","page","type-page","status-publish","hentry"],"acf":[],"yoast_head":"<!-- This site is optimized with the Yoast SEO plugin v27.6 - https:\/\/yoast.com\/product\/yoast-seo-wordpress\/ -->\n<title>\u00dcber uns - Trachtenkapelle Gr\u00fcne J\u00e4ger e.V.<\/title>\n<meta name=\"description\" content=\"Trachtenkapelle &quot;Gr\u00fcne J\u00e4ger&quot; Musikverein Neusatz e.V. - Musikverein aus dem B\u00fchler Stadtteil Neusatz - gegr\u00fcndet 1896 - 2021: 125 Jahre Gr\u00fcne J\u00e4ger\" \/>\n<meta name=\"robots\" content=\"index, follow, max-snippet:-1, max-image-preview:large, max-video-preview:-1\" \/>\n<link rel=\"canonical\" href=\"https:\/\/gruene-jaeger.de\/?page_id=45\" \/>\n<meta property=\"og:locale\" content=\"de_DE\" \/>\n<meta property=\"og:type\" content=\"article\" \/>\n<meta property=\"og:title\" content=\"\u00dcber uns - Trachtenkapelle Gr\u00fcne J\u00e4ger e.V.\" \/>\n<meta property=\"og:description\" content=\"Trachtenkapelle &quot;Gr\u00fcne J\u00e4ger&quot; Musikverein Neusatz e.V. - Musikverein aus dem B\u00fchler Stadtteil Neusatz - gegr\u00fcndet 1896 - 2021: 125 Jahre Gr\u00fcne J\u00e4ger\" \/>\n<meta property=\"og:url\" content=\"https:\/\/gruene-jaeger.de\/?page_id=45\" \/>\n<meta property=\"og:site_name\" content=\"Trachtenkapelle Gr\u00fcne J\u00e4ger e.V.\" \/>\n<meta property=\"article:modified_time\" content=\"2024-05-16T16:57:43+00:00\" \/>\n<meta property=\"og:image\" content=\"http:\/\/gruene-jaeger.de\/wp-content\/uploads\/2013\/01\/Alterstruktur.jpg\" \/>\n<meta name=\"twitter:label1\" content=\"Gesch\u00e4tzte Lesezeit\" \/>\n\t<meta name=\"twitter:data1\" content=\"2\u00a0Minuten\" \/>\n<script type=\"application\/ld+json\" class=\"yoast-schema-graph\">{\"@context\":\"https:\\\/\\\/schema.org\",\"@graph\":[{\"@type\":\"WebPage\",\"@id\":\"https:\\\/\\\/gruene-jaeger.de\\\/?page_id=45\",\"url\":\"https:\\\/\\\/gruene-jaeger.de\\\/?page_id=45\",\"name\":\"\u00dcber uns - Trachtenkapelle Gr\u00fcne J\u00e4ger e.V.\",\"isPartOf\":{\"@id\":\"https:\\\/\\\/gruene-jaeger.de\\\/#website\"},\"primaryImageOfPage\":{\"@id\":\"https:\\\/\\\/gruene-jaeger.de\\\/?page_id=45#primaryimage\"},\"image\":{\"@id\":\"https:\\\/\\\/gruene-jaeger.de\\\/?page_id=45#primaryimage\"},\"thumbnailUrl\":\"http:\\\/\\\/gruene-jaeger.de\\\/wp-content\\\/uploads\\\/2013\\\/01\\\/Alterstruktur.jpg\",\"datePublished\":\"2013-01-23T00:44:07+00:00\",\"dateModified\":\"2024-05-16T16:57:43+00:00\",\"description\":\"Trachtenkapelle \\\"Gr\u00fcne J\u00e4ger\\\" Musikverein Neusatz e.V. - Musikverein aus dem B\u00fchler Stadtteil Neusatz - gegr\u00fcndet 1896 - 2021: 125 Jahre Gr\u00fcne J\u00e4ger\",\"breadcrumb\":{\"@id\":\"https:\\\/\\\/gruene-jaeger.de\\\/?page_id=45#breadcrumb\"},\"inLanguage\":\"de\",\"potentialAction\":[{\"@type\":\"ReadAction\",\"target\":[\"https:\\\/\\\/gruene-jaeger.de\\\/?page_id=45\"]}]},{\"@type\":\"ImageObject\",\"inLanguage\":\"de\",\"@id\":\"https:\\\/\\\/gruene-jaeger.de\\\/?page_id=45#primaryimage\",\"url\":\"http:\\\/\\\/gruene-jaeger.de\\\/wp-content\\\/uploads\\\/2013\\\/01\\\/Alterstruktur.jpg\",\"contentUrl\":\"http:\\\/\\\/gruene-jaeger.de\\\/wp-content\\\/uploads\\\/2013\\\/01\\\/Alterstruktur.jpg\"},{\"@type\":\"BreadcrumbList\",\"@id\":\"https:\\\/\\\/gruene-jaeger.de\\\/?page_id=45#breadcrumb\",\"itemListElement\":[{\"@type\":\"ListItem\",\"position\":1,\"name\":\"Home\",\"item\":\"https:\\\/\\\/gruene-jaeger.de\\\/\"},{\"@type\":\"ListItem\",\"position\":2,\"name\":\"\u00dcber uns\"}]},{\"@type\":\"WebSite\",\"@id\":\"https:\\\/\\\/gruene-jaeger.de\\\/#website\",\"url\":\"https:\\\/\\\/gruene-jaeger.de\\\/\",\"name\":\"Trachtenkapelle Gr\u00fcne J\u00e4ger e.V.\",\"description\":\"Musikverein Neusatz - gegr. 1896\",\"publisher\":{\"@id\":\"https:\\\/\\\/gruene-jaeger.de\\\/#organization\"},\"potentialAction\":[{\"@type\":\"SearchAction\",\"target\":{\"@type\":\"EntryPoint\",\"urlTemplate\":\"https:\\\/\\\/gruene-jaeger.de\\\/?s={search_term_string}\"},\"query-input\":{\"@type\":\"PropertyValueSpecification\",\"valueRequired\":true,\"valueName\":\"search_term_string\"}}],\"inLanguage\":\"de\"},{\"@type\":\"Organization\",\"@id\":\"https:\\\/\\\/gruene-jaeger.de\\\/#organization\",\"name\":\"\\\"Gr\u00fcne J\u00e4ger\\\" Musikverein Neusatz e.V.\",\"url\":\"https:\\\/\\\/gruene-jaeger.de\\\/\",\"logo\":{\"@type\":\"ImageObject\",\"inLanguage\":\"de\",\"@id\":\"https:\\\/\\\/gruene-jaeger.de\\\/#\\\/schema\\\/logo\\\/image\\\/\",\"url\":\"http:\\\/\\\/gruene-jaeger.de\\\/wp-content\\\/uploads\\\/2015\\\/11\\\/Logo.png\",\"contentUrl\":\"http:\\\/\\\/gruene-jaeger.de\\\/wp-content\\\/uploads\\\/2015\\\/11\\\/Logo.png\",\"width\":500,\"height\":500,\"caption\":\"\\\"Gr\u00fcne J\u00e4ger\\\" Musikverein Neusatz e.V.\"},\"image\":{\"@id\":\"https:\\\/\\\/gruene-jaeger.de\\\/#\\\/schema\\\/logo\\\/image\\\/\"}}]}<\/script>\n<!-- \/ Yoast SEO plugin. -->","yoast_head_json":{"title":"\u00dcber uns - Trachtenkapelle Gr\u00fcne J\u00e4ger e.V.","description":"Trachtenkapelle \"Gr\u00fcne J\u00e4ger\" Musikverein Neusatz e.V. - Musikverein aus dem B\u00fchler Stadtteil Neusatz - gegr\u00fcndet 1896 - 2021: 125 Jahre Gr\u00fcne J\u00e4ger","robots":{"index":"index","follow":"follow","max-snippet":"max-snippet:-1","max-image-preview":"max-image-preview:large","max-video-preview":"max-video-preview:-1"},"canonical":"https:\/\/gruene-jaeger.de\/?page_id=45","og_locale":"de_DE","og_type":"article","og_title":"\u00dcber uns - Trachtenkapelle Gr\u00fcne J\u00e4ger e.V.","og_description":"Trachtenkapelle \"Gr\u00fcne J\u00e4ger\" Musikverein Neusatz e.V. - Musikverein aus dem B\u00fchler Stadtteil Neusatz - gegr\u00fcndet 1896 - 2021: 125 Jahre Gr\u00fcne J\u00e4ger","og_url":"https:\/\/gruene-jaeger.de\/?page_id=45","og_site_name":"Trachtenkapelle Gr\u00fcne J\u00e4ger e.V.","article_modified_time":"2024-05-16T16:57:43+00:00","og_image":[{"url":"http:\/\/gruene-jaeger.de\/wp-content\/uploads\/2013\/01\/Alterstruktur.jpg","type":"","width":"","height":""}],"twitter_misc":{"Gesch\u00e4tzte Lesezeit":"2\u00a0Minuten"},"schema":{"@context":"https:\/\/schema.org","@graph":[{"@type":"WebPage","@id":"https:\/\/gruene-jaeger.de\/?page_id=45","url":"https:\/\/gruene-jaeger.de\/?page_id=45","name":"\u00dcber uns - Trachtenkapelle Gr\u00fcne J\u00e4ger e.V.","isPartOf":{"@id":"https:\/\/gruene-jaeger.de\/#website"},"primaryImageOfPage":{"@id":"https:\/\/gruene-jaeger.de\/?page_id=45#primaryimage"},"image":{"@id":"https:\/\/gruene-jaeger.de\/?page_id=45#primaryimage"},"thumbnailUrl":"http:\/\/gruene-jaeger.de\/wp-content\/uploads\/2013\/01\/Alterstruktur.jpg","datePublished":"2013-01-23T00:44:07+00:00","dateModified":"2024-05-16T16:57:43+00:00","description":"Trachtenkapelle \"Gr\u00fcne J\u00e4ger\" Musikverein Neusatz e.V. - Musikverein aus dem B\u00fchler Stadtteil Neusatz - gegr\u00fcndet 1896 - 2021: 125 Jahre Gr\u00fcne J\u00e4ger","breadcrumb":{"@id":"https:\/\/gruene-jaeger.de\/?page_id=45#breadcrumb"},"inLanguage":"de","potentialAction":[{"@type":"ReadAction","target":["https:\/\/gruene-jaeger.de\/?page_id=45"]}]},{"@type":"ImageObject","inLanguage":"de","@id":"https:\/\/gruene-jaeger.de\/?page_id=45#primaryimage","url":"http:\/\/gruene-jaeger.de\/wp-content\/uploads\/2013\/01\/Alterstruktur.jpg","contentUrl":"http:\/\/gruene-jaeger.de\/wp-content\/uploads\/2013\/01\/Alterstruktur.jpg"},{"@type":"BreadcrumbList","@id":"https:\/\/gruene-jaeger.de\/?page_id=45#breadcrumb","itemListElement":[{"@type":"ListItem","position":1,"name":"Home","item":"https:\/\/gruene-jaeger.de\/"},{"@type":"ListItem","position":2,"name":"\u00dcber uns"}]},{"@type":"WebSite","@id":"https:\/\/gruene-jaeger.de\/#website","url":"https:\/\/gruene-jaeger.de\/","name":"Trachtenkapelle Gr\u00fcne J\u00e4ger e.V.","description":"Musikverein Neusatz - gegr. 1896","publisher":{"@id":"https:\/\/gruene-jaeger.de\/#organization"},"potentialAction":[{"@type":"SearchAction","target":{"@type":"EntryPoint","urlTemplate":"https:\/\/gruene-jaeger.de\/?s={search_term_string}"},"query-input":{"@type":"PropertyValueSpecification","valueRequired":true,"valueName":"search_term_string"}}],"inLanguage":"de"},{"@type":"Organization","@id":"https:\/\/gruene-jaeger.de\/#organization","name":"\"Gr\u00fcne J\u00e4ger\" Musikverein Neusatz e.V.","url":"https:\/\/gruene-jaeger.de\/","logo":{"@type":"ImageObject","inLanguage":"de","@id":"https:\/\/gruene-jaeger.de\/#\/schema\/logo\/image\/","url":"http:\/\/gruene-jaeger.de\/wp-content\/uploads\/2015\/11\/Logo.png","contentUrl":"http:\/\/gruene-jaeger.de\/wp-content\/uploads\/2015\/11\/Logo.png","width":500,"height":500,"caption":"\"Gr\u00fcne J\u00e4ger\" Musikverein Neusatz e.V."},"image":{"@id":"https:\/\/gruene-jaeger.de\/#\/schema\/logo\/image\/"}}]}},"ticketed":false,"_links":{"self":[{"href":"https:\/\/gruene-jaeger.de\/index.php?rest_route=\/wp\/v2\/pages\/45","targetHints":{"allow":["GET"]}}],"collection":[{"href":"https:\/\/gruene-jaeger.de\/index.php?rest_route=\/wp\/v2\/pages"}],"about":[{"href":"https:\/\/gruene-jaeger.de\/index.php?rest_route=\/wp\/v2\/types\/page"}],"author":[{"embeddable":true,"href":"https:\/\/gruene-jaeger.de\/index.php?rest_route=\/wp\/v2\/users\/1"}],"replies":[{"embeddable":true,"href":"https:\/\/gruene-jaeger.de\/index.php?rest_route=%2Fwp%2Fv2%2Fcomments&post=45"}],"version-history":[{"count":34,"href":"https:\/\/gruene-jaeger.de\/index.php?rest_route=\/wp\/v2\/pages\/45\/revisions"}],"predecessor-version":[{"id":3705,"href":"https:\/\/gruene-jaeger.de\/index.php?rest_route=\/wp\/v2\/pages\/45\/revisions\/3705"}],"wp:attachment":[{"href":"https:\/\/gruene-jaeger.de\/index.php?rest_route=%2Fwp%2Fv2%2Fmedia&parent=45"}],"curies":[{"name":"wp","href":"https:\/\/api.w.org\/{rel}","templated":true}]}}