{"id":3253,"date":"2022-07-26T09:34:34","date_gmt":"2022-07-26T07:34:34","guid":{"rendered":"https:\/\/gruene-jaeger.de\/?page_id=3253"},"modified":"2022-07-26T11:02:08","modified_gmt":"2022-07-26T09:02:08","slug":"die-sage-vom-mummelsee-unsere-auftragskomposition","status":"publish","type":"page","link":"https:\/\/gruene-jaeger.de\/?page_id=3253","title":{"rendered":"Die Sage vom Mummelsee &#8211; unsere Auftragskomposition"},"content":{"rendered":"\n<p><a href=\"https:\/\/gruene-jaeger.de\/wp-content\/uploads\/2022\/07\/widmung.jpg\"><img loading=\"lazy\" decoding=\"async\" class=\"aligncenter size-full wp-image-3256\" src=\"https:\/\/gruene-jaeger.de\/wp-content\/uploads\/2022\/07\/widmung.jpg\" alt=\"\" width=\"1024\" height=\"178\" srcset=\"https:\/\/gruene-jaeger.de\/wp-content\/uploads\/2022\/07\/widmung.jpg 1024w, https:\/\/gruene-jaeger.de\/wp-content\/uploads\/2022\/07\/widmung-300x52.jpg 300w, https:\/\/gruene-jaeger.de\/wp-content\/uploads\/2022\/07\/widmung-768x134.jpg 768w, https:\/\/gruene-jaeger.de\/wp-content\/uploads\/2022\/07\/widmung-500x87.jpg 500w\" sizes=\"auto, (max-width: 1024px) 100vw, 1024px\" \/><\/a><\/p>\n<table style=\"border-collapse: collapse; width: 100%;\">\n<tbody>\n<tr>\n<td style=\"width: 50%; background-color: #f2f05e; vertical-align: middle;\"><strong><a href=\"https:\/\/gruene-jaeger.de\/wp-content\/uploads\/2022\/07\/Deckblatt_Mummelseesage.jpg\"><img loading=\"lazy\" decoding=\"async\" class=\"aligncenter size-full wp-image-3255\" src=\"https:\/\/gruene-jaeger.de\/wp-content\/uploads\/2022\/07\/Deckblatt_Mummelseesage.jpg\" alt=\"\" width=\"727\" height=\"1024\" srcset=\"https:\/\/gruene-jaeger.de\/wp-content\/uploads\/2022\/07\/Deckblatt_Mummelseesage.jpg 727w, https:\/\/gruene-jaeger.de\/wp-content\/uploads\/2022\/07\/Deckblatt_Mummelseesage-213x300.jpg 213w\" sizes=\"auto, (max-width: 727px) 100vw, 727px\" \/><\/a><\/strong><\/td>\n<td style=\"width: 50%; background-color: #f5f251; vertical-align: middle;\">\n<div class=\"col-md-6 dvoBeschreibung\">\n<p><strong>In unmittelbarer N\u00e4he zum Nationalpark Schwarzwald liegt <a href=\"https:\/\/www.buehl.de\/de\/Stadt-Buerger\/Unsere-Stadt\/Stadtteile\/Neusatz\">Neusatz<\/a>, Heimat der Trachtenkapelle &#8222;Gr\u00fcne J\u00e4ger&#8220;, gegr. 1896. Als Rebgemeinde zieht sich der Ort vom Vorgebirge hinauf in die malerische Kulisse des <a href=\"https:\/\/www.nationalpark-schwarzwald.de\/de\">Nordschwarzwaldes<\/a> hin zum <a href=\"https:\/\/www.hochkopf.de\/stub\/\">Hochkopf<\/a>, mit 1.038 m h\u00f6chster Punkt auf Neusatzer Gemarkung. Nur wenige Kilometer entfernt am Fu\u00dfe der <a href=\"https:\/\/www.ich-geh-wandern.de\/wandern\/hornisgrinde\">Hornisgrinde<\/a> liegt der Mummelsee.<\/strong><\/p>\n<p>&nbsp;<\/p>\n<\/div>\n<\/td>\n<\/tr>\n<\/tbody>\n<\/table>\n\n\n\n<p><strong>Die Mummelsee-Sage <\/strong><\/p>\n<p>Dieser geheimnisvolle <a href=\"https:\/\/www.mummelsee.de\">Karsee<\/a> galt f\u00fcr die Menschen lange Zeit als unergr\u00fcndlich tief und Furcht einfl\u00f6\u00dfend. Der Geist des Sees bedrohte jeden mit dem Tode, der die Tiefe des Sees erforschen wollte. Die <a href=\"https:\/\/www.schwarzwald-tourismus.info\/erleben\/urlaubsinspiration\/schwarzwald-geschichten\/die-sage-vom-mummelsee\">Sage vom Mummelsee<\/a> erz\u00e4hlt von einem pr\u00e4chtigen, kristallenen Schloss in der Tiefe des Sees.<\/p>\n<p>Dort leben die M\u00fcmmlein, liebliche Gestalten von rosiger Sch\u00f6nheit. Jede Nacht steigen sie empor zu der Oberfl\u00e4che des dunklen Gew\u00e4ssers und vollf\u00fchren beim Klang der Instrumente einen lieblichen Tanz. Vor Zeiten kamen die M\u00fcmmlein oft hinunter ins Tal und halfen den Bauern in Haus und Hof. Sobald die Sterne am Himmel standen mussten sie aber wieder zur\u00fcck im Schloss sein. Eines der sch\u00f6nen Seefr\u00e4ulein gewann einen jungen Bauernsohn aus dem benachbarten Achertal lieb.<\/p>\n<p>Als wieder Kirchweih im Tal war, kam die Seejungfrau herab ins Wirtshaus. Das M\u00fcmmlein tanzte einen Tanz nach dem anderen mit seinem Liebsten und verga\u00df dar\u00fcber die Zeit. Pl\u00f6tzlich schlug es auf dem Turm zehn Uhr und beide eilten den Bergwald hinauf. Als sie an den See kamen, sprach sie mit trauriger Stimme: &#8222;Jetzt werden wir uns wohl nimmer sehen, denn ich werde sterben m\u00fcssen. Warte noch eine Weile am Ufer. Steigt Blut aus der Tiefe, so habe ich mein Leben verloren; wenn nicht, werde ich bald wieder bei dir sein.&#8220;<\/p>\n<p>Sie nahm eine Weidenrute und schlug damit dreimal aufs Wasser. Da teilte es sich, und eine marmorwei\u00dfe Treppe erschien, die das M\u00fcmmlein ins kristallene Schloss hinabf\u00fchrte. Es war dunkle Nacht und nach einer Weile stieg eine kleine, dunkle Woge aus dem See empor&nbsp;&#8211; das Blut des M\u00fcmmleins, das f\u00fcr seine Liebe sterben musste.<\/p>\n<p><a href=\"http:\/\/www.mariobuerki.ch\">Mario B\u00fcrki<\/a> vertonte die Sage vom M\u00fcmmelsee als Komposition f\u00fcr Blasorchester.<\/p>\n<p><strong>Erstauff\u00fchrung: 07.05.2022 am Jahreskonzert der &#8222;Gr\u00fcnen J\u00e4ger&#8220;<\/strong><\/p>\n<p>jetzt frei erh\u00e4ltlich, z.B:<\/p>\n<p><a href=\"https:\/\/www.blasmusik-shop.de\/Die-Sage-vom-Mummelsee\"><img loading=\"lazy\" decoding=\"async\" class=\"aligncenter size-full wp-image-3254\" src=\"https:\/\/gruene-jaeger.de\/wp-content\/uploads\/2022\/07\/blasmusikshop.jpg\" alt=\"\" width=\"1024\" height=\"784\" srcset=\"https:\/\/gruene-jaeger.de\/wp-content\/uploads\/2022\/07\/blasmusikshop.jpg 1024w, https:\/\/gruene-jaeger.de\/wp-content\/uploads\/2022\/07\/blasmusikshop-300x230.jpg 300w, https:\/\/gruene-jaeger.de\/wp-content\/uploads\/2022\/07\/blasmusikshop-768x588.jpg 768w, https:\/\/gruene-jaeger.de\/wp-content\/uploads\/2022\/07\/blasmusikshop-392x300.jpg 392w\" sizes=\"auto, (max-width: 1024px) 100vw, 1024px\" \/><\/a><\/p>\n","protected":false},"excerpt":{"rendered":"<p>In unmittelbarer N\u00e4he zum Nationalpark Schwarzwald liegt Neusatz, Heimat der Trachtenkapelle &#8222;Gr\u00fcne J\u00e4ger&#8220;, gegr. 1896. Als Rebgemeinde zieht sich der Ort vom Vorgebirge hinauf in die malerische Kulisse des Nordschwarzwaldes hin zum Hochkopf, mit 1.038 m h\u00f6chster Punkt auf Neusatzer &hellip; <a href=\"https:\/\/gruene-jaeger.de\/?page_id=3253\">Weiterlesen <span class=\"meta-nav\">&rarr;<\/span><\/a><\/p>\n","protected":false},"author":5,"featured_media":3255,"parent":0,"menu_order":0,"comment_status":"closed","ping_status":"closed","template":"","meta":{"_acf_changed":false,"_crdt_document":"","ngg_post_thumbnail":0,"_price":"","_stock":"","_tribe_ticket_header":"","_tribe_default_ticket_provider":"","_tribe_ticket_capacity":"0","_ticket_start_date":"","_ticket_end_date":"","_tribe_ticket_show_description":"","_tribe_ticket_show_not_going":false,"_tribe_ticket_use_global_stock":"","_tribe_ticket_global_stock_level":"","_global_stock_mode":"","_global_stock_cap":"","_tribe_rsvp_for_event":"","_tribe_ticket_going_count":"","_tribe_ticket_not_going_count":"","_tribe_tickets_list":"[]","_tribe_ticket_has_attendee_info_fields":false,"footnotes":"","_tec_slr_enabled":"","_tec_slr_layout":""},"class_list":["post-3253","page","type-page","status-publish","has-post-thumbnail","hentry"],"acf":[],"yoast_head":"<!-- This site is optimized with the Yoast SEO plugin v27.4 - https:\/\/yoast.com\/product\/yoast-seo-wordpress\/ -->\n<title>Die Sage vom Mummelsee - unsere Auftragskomposition - Trachtenkapelle Gr\u00fcne J\u00e4ger e.V.<\/title>\n<meta name=\"description\" content=\"Auftragskomposition der Trachtenkapelle &quot;Gr\u00fcne J\u00e4ger&quot; mit ihrem Dirigenten Franz Schindler anl\u00e4sslich des 125-j\u00e4hrigen Bestehens\" \/>\n<meta name=\"robots\" content=\"index, follow, max-snippet:-1, max-image-preview:large, max-video-preview:-1\" \/>\n<link rel=\"canonical\" href=\"https:\/\/gruene-jaeger.de\/?page_id=3253\" \/>\n<meta property=\"og:locale\" content=\"de_DE\" \/>\n<meta property=\"og:type\" content=\"article\" \/>\n<meta property=\"og:title\" content=\"Die Sage vom Mummelsee - unsere Auftragskomposition - Trachtenkapelle Gr\u00fcne J\u00e4ger e.V.\" \/>\n<meta property=\"og:description\" content=\"Auftragskomposition der Trachtenkapelle &quot;Gr\u00fcne J\u00e4ger&quot; mit ihrem Dirigenten Franz Schindler anl\u00e4sslich des 125-j\u00e4hrigen Bestehens\" \/>\n<meta property=\"og:url\" content=\"https:\/\/gruene-jaeger.de\/?page_id=3253\" \/>\n<meta property=\"og:site_name\" content=\"Trachtenkapelle Gr\u00fcne J\u00e4ger e.V.\" \/>\n<meta property=\"article:modified_time\" content=\"2022-07-26T09:02:08+00:00\" \/>\n<meta property=\"og:image\" content=\"https:\/\/gruene-jaeger.de\/wp-content\/uploads\/2022\/07\/Deckblatt_Mummelseesage.jpg\" \/>\n\t<meta property=\"og:image:width\" content=\"727\" \/>\n\t<meta property=\"og:image:height\" content=\"1024\" \/>\n\t<meta property=\"og:image:type\" content=\"image\/jpeg\" \/>\n<meta name=\"twitter:label1\" content=\"Gesch\u00e4tzte Lesezeit\" \/>\n\t<meta name=\"twitter:data1\" content=\"3\u00a0Minuten\" \/>\n<script type=\"application\/ld+json\" class=\"yoast-schema-graph\">{\"@context\":\"https:\\\/\\\/schema.org\",\"@graph\":[{\"@type\":\"WebPage\",\"@id\":\"https:\\\/\\\/gruene-jaeger.de\\\/?page_id=3253\",\"url\":\"https:\\\/\\\/gruene-jaeger.de\\\/?page_id=3253\",\"name\":\"Die Sage vom Mummelsee - unsere Auftragskomposition - Trachtenkapelle Gr\u00fcne J\u00e4ger e.V.\",\"isPartOf\":{\"@id\":\"https:\\\/\\\/gruene-jaeger.de\\\/#website\"},\"primaryImageOfPage\":{\"@id\":\"https:\\\/\\\/gruene-jaeger.de\\\/?page_id=3253#primaryimage\"},\"image\":{\"@id\":\"https:\\\/\\\/gruene-jaeger.de\\\/?page_id=3253#primaryimage\"},\"thumbnailUrl\":\"https:\\\/\\\/gruene-jaeger.de\\\/wp-content\\\/uploads\\\/2022\\\/07\\\/Deckblatt_Mummelseesage.jpg\",\"datePublished\":\"2022-07-26T07:34:34+00:00\",\"dateModified\":\"2022-07-26T09:02:08+00:00\",\"description\":\"Auftragskomposition der Trachtenkapelle \\\"Gr\u00fcne J\u00e4ger\\\" mit ihrem Dirigenten Franz Schindler anl\u00e4sslich des 125-j\u00e4hrigen Bestehens\",\"breadcrumb\":{\"@id\":\"https:\\\/\\\/gruene-jaeger.de\\\/?page_id=3253#breadcrumb\"},\"inLanguage\":\"de\",\"potentialAction\":[{\"@type\":\"ReadAction\",\"target\":[\"https:\\\/\\\/gruene-jaeger.de\\\/?page_id=3253\"]}]},{\"@type\":\"ImageObject\",\"inLanguage\":\"de\",\"@id\":\"https:\\\/\\\/gruene-jaeger.de\\\/?page_id=3253#primaryimage\",\"url\":\"https:\\\/\\\/gruene-jaeger.de\\\/wp-content\\\/uploads\\\/2022\\\/07\\\/Deckblatt_Mummelseesage.jpg\",\"contentUrl\":\"https:\\\/\\\/gruene-jaeger.de\\\/wp-content\\\/uploads\\\/2022\\\/07\\\/Deckblatt_Mummelseesage.jpg\",\"width\":727,\"height\":1024},{\"@type\":\"BreadcrumbList\",\"@id\":\"https:\\\/\\\/gruene-jaeger.de\\\/?page_id=3253#breadcrumb\",\"itemListElement\":[{\"@type\":\"ListItem\",\"position\":1,\"name\":\"Home\",\"item\":\"https:\\\/\\\/gruene-jaeger.de\\\/\"},{\"@type\":\"ListItem\",\"position\":2,\"name\":\"Die Sage vom Mummelsee &#8211; unsere Auftragskomposition\"}]},{\"@type\":\"WebSite\",\"@id\":\"https:\\\/\\\/gruene-jaeger.de\\\/#website\",\"url\":\"https:\\\/\\\/gruene-jaeger.de\\\/\",\"name\":\"Trachtenkapelle Gr\u00fcne J\u00e4ger e.V.\",\"description\":\"Musikverein Neusatz - gegr. 1896\",\"publisher\":{\"@id\":\"https:\\\/\\\/gruene-jaeger.de\\\/#organization\"},\"potentialAction\":[{\"@type\":\"SearchAction\",\"target\":{\"@type\":\"EntryPoint\",\"urlTemplate\":\"https:\\\/\\\/gruene-jaeger.de\\\/?s={search_term_string}\"},\"query-input\":{\"@type\":\"PropertyValueSpecification\",\"valueRequired\":true,\"valueName\":\"search_term_string\"}}],\"inLanguage\":\"de\"},{\"@type\":\"Organization\",\"@id\":\"https:\\\/\\\/gruene-jaeger.de\\\/#organization\",\"name\":\"\\\"Gr\u00fcne J\u00e4ger\\\" Musikverein Neusatz e.V.\",\"url\":\"https:\\\/\\\/gruene-jaeger.de\\\/\",\"logo\":{\"@type\":\"ImageObject\",\"inLanguage\":\"de\",\"@id\":\"https:\\\/\\\/gruene-jaeger.de\\\/#\\\/schema\\\/logo\\\/image\\\/\",\"url\":\"http:\\\/\\\/gruene-jaeger.de\\\/wp-content\\\/uploads\\\/2015\\\/11\\\/Logo.png\",\"contentUrl\":\"http:\\\/\\\/gruene-jaeger.de\\\/wp-content\\\/uploads\\\/2015\\\/11\\\/Logo.png\",\"width\":500,\"height\":500,\"caption\":\"\\\"Gr\u00fcne J\u00e4ger\\\" Musikverein Neusatz e.V.\"},\"image\":{\"@id\":\"https:\\\/\\\/gruene-jaeger.de\\\/#\\\/schema\\\/logo\\\/image\\\/\"}}]}<\/script>\n<!-- \/ Yoast SEO plugin. -->","yoast_head_json":{"title":"Die Sage vom Mummelsee - unsere Auftragskomposition - Trachtenkapelle Gr\u00fcne J\u00e4ger e.V.","description":"Auftragskomposition der Trachtenkapelle \"Gr\u00fcne J\u00e4ger\" mit ihrem Dirigenten Franz Schindler anl\u00e4sslich des 125-j\u00e4hrigen Bestehens","robots":{"index":"index","follow":"follow","max-snippet":"max-snippet:-1","max-image-preview":"max-image-preview:large","max-video-preview":"max-video-preview:-1"},"canonical":"https:\/\/gruene-jaeger.de\/?page_id=3253","og_locale":"de_DE","og_type":"article","og_title":"Die Sage vom Mummelsee - unsere Auftragskomposition - Trachtenkapelle Gr\u00fcne J\u00e4ger e.V.","og_description":"Auftragskomposition der Trachtenkapelle \"Gr\u00fcne J\u00e4ger\" mit ihrem Dirigenten Franz Schindler anl\u00e4sslich des 125-j\u00e4hrigen Bestehens","og_url":"https:\/\/gruene-jaeger.de\/?page_id=3253","og_site_name":"Trachtenkapelle Gr\u00fcne J\u00e4ger e.V.","article_modified_time":"2022-07-26T09:02:08+00:00","og_image":[{"width":727,"height":1024,"url":"https:\/\/gruene-jaeger.de\/wp-content\/uploads\/2022\/07\/Deckblatt_Mummelseesage.jpg","type":"image\/jpeg"}],"twitter_misc":{"Gesch\u00e4tzte Lesezeit":"3\u00a0Minuten"},"schema":{"@context":"https:\/\/schema.org","@graph":[{"@type":"WebPage","@id":"https:\/\/gruene-jaeger.de\/?page_id=3253","url":"https:\/\/gruene-jaeger.de\/?page_id=3253","name":"Die Sage vom Mummelsee - unsere Auftragskomposition - Trachtenkapelle Gr\u00fcne J\u00e4ger e.V.","isPartOf":{"@id":"https:\/\/gruene-jaeger.de\/#website"},"primaryImageOfPage":{"@id":"https:\/\/gruene-jaeger.de\/?page_id=3253#primaryimage"},"image":{"@id":"https:\/\/gruene-jaeger.de\/?page_id=3253#primaryimage"},"thumbnailUrl":"https:\/\/gruene-jaeger.de\/wp-content\/uploads\/2022\/07\/Deckblatt_Mummelseesage.jpg","datePublished":"2022-07-26T07:34:34+00:00","dateModified":"2022-07-26T09:02:08+00:00","description":"Auftragskomposition der Trachtenkapelle \"Gr\u00fcne J\u00e4ger\" mit ihrem Dirigenten Franz Schindler anl\u00e4sslich des 125-j\u00e4hrigen Bestehens","breadcrumb":{"@id":"https:\/\/gruene-jaeger.de\/?page_id=3253#breadcrumb"},"inLanguage":"de","potentialAction":[{"@type":"ReadAction","target":["https:\/\/gruene-jaeger.de\/?page_id=3253"]}]},{"@type":"ImageObject","inLanguage":"de","@id":"https:\/\/gruene-jaeger.de\/?page_id=3253#primaryimage","url":"https:\/\/gruene-jaeger.de\/wp-content\/uploads\/2022\/07\/Deckblatt_Mummelseesage.jpg","contentUrl":"https:\/\/gruene-jaeger.de\/wp-content\/uploads\/2022\/07\/Deckblatt_Mummelseesage.jpg","width":727,"height":1024},{"@type":"BreadcrumbList","@id":"https:\/\/gruene-jaeger.de\/?page_id=3253#breadcrumb","itemListElement":[{"@type":"ListItem","position":1,"name":"Home","item":"https:\/\/gruene-jaeger.de\/"},{"@type":"ListItem","position":2,"name":"Die Sage vom Mummelsee &#8211; unsere Auftragskomposition"}]},{"@type":"WebSite","@id":"https:\/\/gruene-jaeger.de\/#website","url":"https:\/\/gruene-jaeger.de\/","name":"Trachtenkapelle Gr\u00fcne J\u00e4ger e.V.","description":"Musikverein Neusatz - gegr. 1896","publisher":{"@id":"https:\/\/gruene-jaeger.de\/#organization"},"potentialAction":[{"@type":"SearchAction","target":{"@type":"EntryPoint","urlTemplate":"https:\/\/gruene-jaeger.de\/?s={search_term_string}"},"query-input":{"@type":"PropertyValueSpecification","valueRequired":true,"valueName":"search_term_string"}}],"inLanguage":"de"},{"@type":"Organization","@id":"https:\/\/gruene-jaeger.de\/#organization","name":"\"Gr\u00fcne J\u00e4ger\" Musikverein Neusatz e.V.","url":"https:\/\/gruene-jaeger.de\/","logo":{"@type":"ImageObject","inLanguage":"de","@id":"https:\/\/gruene-jaeger.de\/#\/schema\/logo\/image\/","url":"http:\/\/gruene-jaeger.de\/wp-content\/uploads\/2015\/11\/Logo.png","contentUrl":"http:\/\/gruene-jaeger.de\/wp-content\/uploads\/2015\/11\/Logo.png","width":500,"height":500,"caption":"\"Gr\u00fcne J\u00e4ger\" Musikverein Neusatz e.V."},"image":{"@id":"https:\/\/gruene-jaeger.de\/#\/schema\/logo\/image\/"}}]}},"ticketed":false,"_links":{"self":[{"href":"https:\/\/gruene-jaeger.de\/index.php?rest_route=\/wp\/v2\/pages\/3253","targetHints":{"allow":["GET"]}}],"collection":[{"href":"https:\/\/gruene-jaeger.de\/index.php?rest_route=\/wp\/v2\/pages"}],"about":[{"href":"https:\/\/gruene-jaeger.de\/index.php?rest_route=\/wp\/v2\/types\/page"}],"author":[{"embeddable":true,"href":"https:\/\/gruene-jaeger.de\/index.php?rest_route=\/wp\/v2\/users\/5"}],"replies":[{"embeddable":true,"href":"https:\/\/gruene-jaeger.de\/index.php?rest_route=%2Fwp%2Fv2%2Fcomments&post=3253"}],"version-history":[{"count":6,"href":"https:\/\/gruene-jaeger.de\/index.php?rest_route=\/wp\/v2\/pages\/3253\/revisions"}],"predecessor-version":[{"id":3834,"href":"https:\/\/gruene-jaeger.de\/index.php?rest_route=\/wp\/v2\/pages\/3253\/revisions\/3834"}],"wp:featuredmedia":[{"embeddable":true,"href":"https:\/\/gruene-jaeger.de\/index.php?rest_route=\/wp\/v2\/media\/3255"}],"wp:attachment":[{"href":"https:\/\/gruene-jaeger.de\/index.php?rest_route=%2Fwp%2Fv2%2Fmedia&parent=3253"}],"curies":[{"name":"wp","href":"https:\/\/api.w.org\/{rel}","templated":true}]}}