{"id":252,"date":"2013-02-06T22:43:26","date_gmt":"2013-02-06T20:43:26","guid":{"rendered":"http:\/\/wp.gruene-jaeger.de\/?page_id=252"},"modified":"2025-11-02T21:56:29","modified_gmt":"2025-11-02T20:56:29","slug":"uber-uns","status":"publish","type":"page","link":"https:\/\/gruene-jaeger.de\/?page_id=252","title":{"rendered":"\u00dcber uns"},"content":{"rendered":"<table>\n<tbody>\n<tr>\n<td style=\"vertical-align: bottom;\" scope=\"row\"><strong>Musikalische Aktivit\u00e4ten<\/strong><\/td>\n<td style=\"text-align: right; vertical-align: bottom;\" scope=\"row\"><a href=\"https:\/\/gruene-jaeger.de\/wp-content\/uploads\/2021\/09\/Logo_JugendfreundlicherVerein.jpg\"><img loading=\"lazy\" decoding=\"async\" class=\"aligncenter wp-image-3001 size-thumbnail\" src=\"https:\/\/gruene-jaeger.de\/wp-content\/uploads\/2021\/09\/Logo_JugendfreundlicherVerein-150x150.jpg\" alt=\"\" width=\"150\" height=\"150\" srcset=\"https:\/\/gruene-jaeger.de\/wp-content\/uploads\/2021\/09\/Logo_JugendfreundlicherVerein-150x150.jpg 150w, https:\/\/gruene-jaeger.de\/wp-content\/uploads\/2021\/09\/Logo_JugendfreundlicherVerein-300x300.jpg 300w, https:\/\/gruene-jaeger.de\/wp-content\/uploads\/2021\/09\/Logo_JugendfreundlicherVerein.jpg 496w\" sizes=\"auto, (max-width: 150px) 100vw, 150px\" \/><\/a><\/td>\n<\/tr>\n<\/tbody>\n<\/table>\n<p><strong>Jahreskonzert zum Muttertag<\/strong><\/p>\n<p>Seit 2008 gestaltet das Jugendorchester den ersten Teil des Konzertes und ist von diesem schon kaum mehr wegzudenken. Mit einem abwechslungsreichen Programm bewiesen die kleinen gr\u00fcnen J\u00e4ger j\u00e4hrlich, dass sie mittlerweile f\u00fcr ein Jugendorchester ein musikalisch hohes Niveau erreicht haben. Sogar die Moderation findet aus eigenen Reihen statt.<\/p>\n<p><strong>Unsere Jugend pr\u00e4sentiert sich: Der Vorspielnachmittag<\/strong><\/p>\n<p>An einem gem\u00fctlichen Sonntagnachmittag gestalten unsere Jugend eine musikalische Darbietung bei Kaffee und Kuchen. Dies ist jedes Jahr eine sch\u00f6ne Gelegenheit, den eigenen Eltern, Omas und Opas, Freunden und Bekannten zu zeigen, wie viel Spa\u00df es macht, ein Instrument zu spielen. Beginnend mit den Youngsters an der Blockfl\u00f6te \u00fcber verschiedene Soloauftritten unterschiedlichster Instrumente und Ensemblest\u00fccken, bildet das Jugendorchester den kr\u00f6nenden Abschluss.<\/p>\n<p>Alle Jungmusiker, angefangen von den J\u00fcngsten bis hin zu schon fortgeschrittenen Musiker, zeigten ihre Fertigkeiten auf den Instrumenten. Zudem stehen unsere Jungmusiker zur Beantwortung von Fragen f\u00fcr Sie bereit.<\/p>\n<p><strong>Kooperation mit der Grundschule Neusatz<\/strong><\/p>\n<p>Wir pflegen eine enge Zusammenarbeit mit der Grundschule Neusatz. In der Vergangenheit begleitete ein Blechbl\u00e4serensemble des Jugendorchesters die Musik AG der Grundschule Neusatz bei der Auff\u00fchrung des M\u00e4rchens \u201eRumpelstilzchen\u201c in der Schlossberghalle. Ob eine Auff\u00fchrung beim Schulfest oder die Gestaltung der Instrumentalschnupperstunde an der Schule, wir versuchen schon fr\u00fch die Freude am Musizieren zu vermitteln.<\/p>\n<p><em>Bl\u00e4serklasse<\/em><\/p>\n<p>seit wenigen Jahren bieten wir in Kooperation mit der Grundschule Neusatz eine Bl\u00e4serklasse zum Erlernen eines Instrumentes an.<\/p>\n<p><strong>Instrumentenwerbung: Die Schnupperstunde- <a href=\"https:\/\/www.youtube.com\/watch?v=L7bViIzJHvo\">unser Video<\/a><br \/>\n<\/strong><\/p>\n<p>Erfahrene Musiker stellten an verschiedenen Posten ihre Instrumente und die Blockfl\u00f6te vor. Damit Kinder bestm\u00f6glich \u00fcber die speziellen Klangfarben und Besonderheiten der Instrumente informiert werden, d\u00fcrfen Sie diese auch ausprobieren umso ihr Wunschinstrument zu finden. Dar\u00fcber hinaus wird das breite Spektrum der Jugendausbildung und die vielseitigen Einstiegsm\u00f6glichkeiten durch unseren Jugendleiter pr\u00e4sentiert.<\/p>\n<p>Jeden September, in der zweiten Schulwoche freitags findet die Inforunde in gem\u00fctlicher Atmosph\u00e4re im Probenlokal der Gr\u00fcnen J\u00e4ger (hinter dem Rathaus) in Neusatz statt.<\/p>\n<p>Die Schnupperstunde verpasst? Kein Problem, unsere Jugendleiterin <em>Melanie Bauer<\/em> steht f\u00fcr Infos gerne zur Verf\u00fcgung:<\/p>\n<p>jugendleitung.mvneusatz[at]t-online.de<\/p>\n<p><strong>Neben der Musik &#8211; <span style=\"color: #ff0000;\">Jugendschutz<\/span><br \/>\n<\/strong><\/p>\n<p>Das soziale Miteinander erleben die Kinder auch bei vielen au\u00dfermusikalischen Freizeitgestaltungen wie einem einw\u00f6chigen Skih\u00fcttenaufenthalt auf der Unterstmatt im Sommer.<\/p>\n<p><em>Hier ein Auszug unseres Freizeitangebots:<\/em><\/p>\n<ul>\n<li>f\u00fcnft\u00e4giger H\u00fcttenaufenthalt<\/li>\n<li>(Organisation der Jugendbar Aloa He im Rahmen des Dorffestes Neusatz)<\/li>\n<li>Spieleabend<\/li>\n<li>Kanuausflug<\/li>\n<li>Weihnachtsfeier<\/li>\n<li>&#8230;&#8230;&#8230;<\/li>\n<\/ul>\n<p><img loading=\"lazy\" decoding=\"async\" src=\"https:\/\/gruene-jaeger.de\/wp-content\/uploads\/2025\/11\/TPYS7862.jpg\" alt=\"\" width=\"750\" height=\"563\" \/><\/p>\n<p>Unser H\u00fcttenaufenthalt 2022<\/p>\n<p><a href=\"http:\/\/wp.gruene-jaeger.de\/wp-content\/uploads\/2013\/02\/SAM_1780.jpg\"><img loading=\"lazy\" decoding=\"async\" class=\"alignnone wp-image-598 size-large\" src=\"https:\/\/gruene-jaeger.de\/wp-content\/uploads\/2013\/02\/SAM_1780-1024x768.jpg\" alt=\"SAM_1780\" width=\"584\" height=\"438\" data-id=\"598\" \/><\/a><\/p>\n<p>Unser H\u00fcttenaufenthalt 2015<\/p>\n<p>&#8212;&#8212;&#8212;&#8212;&#8212;&#8212;&#8212;&#8212;&#8212;&#8212;&#8212;&#8212;&#8212;&#8212;&#8212;&#8212;&#8212;&#8212;&#8212;&#8212;&#8212;&#8212;&#8212;&#8212;&#8212;&#8212;&#8212;&#8212;-<\/p>\n<p>Damit Eltern ihre Kinder bei uns gut aufgehoben wissen, legen wir sehr viel Wert auf den <strong>Jugendschutz<\/strong>.<\/p>\n<p>Umgesetzt wurden bereits die Richtlinien des <a href=\"https:\/\/gruene-jaeger.de\/?p=1066\">Bundeskinderschutzgesetzes<\/a>; seit dem Fr\u00fchjahr 2018 sind wir als <a href=\"https:\/\/gruene-jaeger.de\/wp-content\/uploads\/2013\/02\/JugendfreundlicherVerein.pdf\">jugendfreundlicher Verein<\/a> zertifiziert.<\/p>\n","protected":false},"excerpt":{"rendered":"<p>Musikalische Aktivit\u00e4ten Jahreskonzert zum Muttertag Seit 2008 gestaltet das Jugendorchester den ersten Teil des Konzertes und ist von diesem schon kaum mehr wegzudenken. Mit einem abwechslungsreichen Programm bewiesen die kleinen gr\u00fcnen J\u00e4ger j\u00e4hrlich, dass sie mittlerweile f\u00fcr ein Jugendorchester ein &hellip; <a href=\"https:\/\/gruene-jaeger.de\/?page_id=252\">Weiterlesen <span class=\"meta-nav\">&rarr;<\/span><\/a><\/p>\n","protected":false},"author":1,"featured_media":50,"parent":36,"menu_order":0,"comment_status":"closed","ping_status":"closed","template":"sidebar-page.php","meta":{"_acf_changed":false,"_crdt_document":"","ngg_post_thumbnail":0,"_price":"","_stock":"","_tribe_ticket_header":"","_tribe_default_ticket_provider":"","_tribe_ticket_capacity":"0","_ticket_start_date":"","_ticket_end_date":"","_tribe_ticket_show_description":"","_tribe_ticket_show_not_going":false,"_tribe_ticket_use_global_stock":"","_tribe_ticket_global_stock_level":"","_global_stock_mode":"","_global_stock_cap":"","_tribe_rsvp_for_event":"","_tribe_ticket_going_count":"","_tribe_ticket_not_going_count":"","_tribe_tickets_list":"[]","_tribe_ticket_has_attendee_info_fields":false,"footnotes":"","_tec_slr_enabled":"","_tec_slr_layout":""},"class_list":["post-252","page","type-page","status-publish","has-post-thumbnail","hentry"],"acf":[],"yoast_head":"<!-- This site is optimized with the Yoast SEO plugin v27.6 - https:\/\/yoast.com\/product\/yoast-seo-wordpress\/ -->\n<title>\u00dcber uns - Trachtenkapelle Gr\u00fcne J\u00e4ger e.V.<\/title>\n<meta name=\"robots\" content=\"index, follow, max-snippet:-1, max-image-preview:large, max-video-preview:-1\" \/>\n<link rel=\"canonical\" href=\"https:\/\/gruene-jaeger.de\/?page_id=252\" \/>\n<meta property=\"og:locale\" content=\"de_DE\" \/>\n<meta property=\"og:type\" content=\"article\" \/>\n<meta property=\"og:title\" content=\"\u00dcber uns - Trachtenkapelle Gr\u00fcne J\u00e4ger e.V.\" \/>\n<meta property=\"og:description\" content=\"Musikalische Aktivit\u00e4ten Jahreskonzert zum Muttertag Seit 2008 gestaltet das Jugendorchester den ersten Teil des Konzertes und ist von diesem schon kaum mehr wegzudenken. Mit einem abwechslungsreichen Programm bewiesen die kleinen gr\u00fcnen J\u00e4ger j\u00e4hrlich, dass sie mittlerweile f\u00fcr ein Jugendorchester ein &hellip; Weiterlesen &rarr;\" \/>\n<meta property=\"og:url\" content=\"https:\/\/gruene-jaeger.de\/?page_id=252\" \/>\n<meta property=\"og:site_name\" content=\"Trachtenkapelle Gr\u00fcne J\u00e4ger e.V.\" \/>\n<meta property=\"article:modified_time\" content=\"2025-11-02T20:56:29+00:00\" \/>\n<meta property=\"og:image\" content=\"https:\/\/gruene-jaeger.de\/wp-content\/uploads\/2013\/01\/cropped-headerLGH.jpg\" \/>\n\t<meta property=\"og:image:width\" content=\"1000\" \/>\n\t<meta property=\"og:image:height\" content=\"186\" \/>\n\t<meta property=\"og:image:type\" content=\"image\/jpeg\" \/>\n<meta name=\"twitter:label1\" content=\"Gesch\u00e4tzte Lesezeit\" \/>\n\t<meta name=\"twitter:data1\" content=\"4\u00a0Minuten\" \/>\n<script type=\"application\/ld+json\" class=\"yoast-schema-graph\">{\"@context\":\"https:\\\/\\\/schema.org\",\"@graph\":[{\"@type\":\"WebPage\",\"@id\":\"https:\\\/\\\/gruene-jaeger.de\\\/?page_id=252\",\"url\":\"https:\\\/\\\/gruene-jaeger.de\\\/?page_id=252\",\"name\":\"\u00dcber uns - Trachtenkapelle Gr\u00fcne J\u00e4ger e.V.\",\"isPartOf\":{\"@id\":\"https:\\\/\\\/gruene-jaeger.de\\\/#website\"},\"primaryImageOfPage\":{\"@id\":\"https:\\\/\\\/gruene-jaeger.de\\\/?page_id=252#primaryimage\"},\"image\":{\"@id\":\"https:\\\/\\\/gruene-jaeger.de\\\/?page_id=252#primaryimage\"},\"thumbnailUrl\":\"https:\\\/\\\/gruene-jaeger.de\\\/wp-content\\\/uploads\\\/2013\\\/01\\\/cropped-headerLGH.jpg\",\"datePublished\":\"2013-02-06T20:43:26+00:00\",\"dateModified\":\"2025-11-02T20:56:29+00:00\",\"breadcrumb\":{\"@id\":\"https:\\\/\\\/gruene-jaeger.de\\\/?page_id=252#breadcrumb\"},\"inLanguage\":\"de\",\"potentialAction\":[{\"@type\":\"ReadAction\",\"target\":[\"https:\\\/\\\/gruene-jaeger.de\\\/?page_id=252\"]}]},{\"@type\":\"ImageObject\",\"inLanguage\":\"de\",\"@id\":\"https:\\\/\\\/gruene-jaeger.de\\\/?page_id=252#primaryimage\",\"url\":\"https:\\\/\\\/gruene-jaeger.de\\\/wp-content\\\/uploads\\\/2013\\\/01\\\/cropped-headerLGH.jpg\",\"contentUrl\":\"https:\\\/\\\/gruene-jaeger.de\\\/wp-content\\\/uploads\\\/2013\\\/01\\\/cropped-headerLGH.jpg\",\"width\":1000,\"height\":186},{\"@type\":\"BreadcrumbList\",\"@id\":\"https:\\\/\\\/gruene-jaeger.de\\\/?page_id=252#breadcrumb\",\"itemListElement\":[{\"@type\":\"ListItem\",\"position\":1,\"name\":\"Home\",\"item\":\"https:\\\/\\\/gruene-jaeger.de\\\/\"},{\"@type\":\"ListItem\",\"position\":2,\"name\":\"Jugendkapelle\",\"item\":\"https:\\\/\\\/gruene-jaeger.de\\\/?page_id=36\"},{\"@type\":\"ListItem\",\"position\":3,\"name\":\"\u00dcber uns\"}]},{\"@type\":\"WebSite\",\"@id\":\"https:\\\/\\\/gruene-jaeger.de\\\/#website\",\"url\":\"https:\\\/\\\/gruene-jaeger.de\\\/\",\"name\":\"Trachtenkapelle Gr\u00fcne J\u00e4ger e.V.\",\"description\":\"Musikverein Neusatz - gegr. 1896\",\"publisher\":{\"@id\":\"https:\\\/\\\/gruene-jaeger.de\\\/#organization\"},\"potentialAction\":[{\"@type\":\"SearchAction\",\"target\":{\"@type\":\"EntryPoint\",\"urlTemplate\":\"https:\\\/\\\/gruene-jaeger.de\\\/?s={search_term_string}\"},\"query-input\":{\"@type\":\"PropertyValueSpecification\",\"valueRequired\":true,\"valueName\":\"search_term_string\"}}],\"inLanguage\":\"de\"},{\"@type\":\"Organization\",\"@id\":\"https:\\\/\\\/gruene-jaeger.de\\\/#organization\",\"name\":\"\\\"Gr\u00fcne J\u00e4ger\\\" Musikverein Neusatz e.V.\",\"url\":\"https:\\\/\\\/gruene-jaeger.de\\\/\",\"logo\":{\"@type\":\"ImageObject\",\"inLanguage\":\"de\",\"@id\":\"https:\\\/\\\/gruene-jaeger.de\\\/#\\\/schema\\\/logo\\\/image\\\/\",\"url\":\"http:\\\/\\\/gruene-jaeger.de\\\/wp-content\\\/uploads\\\/2015\\\/11\\\/Logo.png\",\"contentUrl\":\"http:\\\/\\\/gruene-jaeger.de\\\/wp-content\\\/uploads\\\/2015\\\/11\\\/Logo.png\",\"width\":500,\"height\":500,\"caption\":\"\\\"Gr\u00fcne J\u00e4ger\\\" Musikverein Neusatz e.V.\"},\"image\":{\"@id\":\"https:\\\/\\\/gruene-jaeger.de\\\/#\\\/schema\\\/logo\\\/image\\\/\"}}]}<\/script>\n<!-- \/ Yoast SEO plugin. -->","yoast_head_json":{"title":"\u00dcber uns - Trachtenkapelle Gr\u00fcne J\u00e4ger e.V.","robots":{"index":"index","follow":"follow","max-snippet":"max-snippet:-1","max-image-preview":"max-image-preview:large","max-video-preview":"max-video-preview:-1"},"canonical":"https:\/\/gruene-jaeger.de\/?page_id=252","og_locale":"de_DE","og_type":"article","og_title":"\u00dcber uns - Trachtenkapelle Gr\u00fcne J\u00e4ger e.V.","og_description":"Musikalische Aktivit\u00e4ten Jahreskonzert zum Muttertag Seit 2008 gestaltet das Jugendorchester den ersten Teil des Konzertes und ist von diesem schon kaum mehr wegzudenken. Mit einem abwechslungsreichen Programm bewiesen die kleinen gr\u00fcnen J\u00e4ger j\u00e4hrlich, dass sie mittlerweile f\u00fcr ein Jugendorchester ein &hellip; Weiterlesen &rarr;","og_url":"https:\/\/gruene-jaeger.de\/?page_id=252","og_site_name":"Trachtenkapelle Gr\u00fcne J\u00e4ger e.V.","article_modified_time":"2025-11-02T20:56:29+00:00","og_image":[{"width":1000,"height":186,"url":"https:\/\/gruene-jaeger.de\/wp-content\/uploads\/2013\/01\/cropped-headerLGH.jpg","type":"image\/jpeg"}],"twitter_misc":{"Gesch\u00e4tzte Lesezeit":"4\u00a0Minuten"},"schema":{"@context":"https:\/\/schema.org","@graph":[{"@type":"WebPage","@id":"https:\/\/gruene-jaeger.de\/?page_id=252","url":"https:\/\/gruene-jaeger.de\/?page_id=252","name":"\u00dcber uns - Trachtenkapelle Gr\u00fcne J\u00e4ger e.V.","isPartOf":{"@id":"https:\/\/gruene-jaeger.de\/#website"},"primaryImageOfPage":{"@id":"https:\/\/gruene-jaeger.de\/?page_id=252#primaryimage"},"image":{"@id":"https:\/\/gruene-jaeger.de\/?page_id=252#primaryimage"},"thumbnailUrl":"https:\/\/gruene-jaeger.de\/wp-content\/uploads\/2013\/01\/cropped-headerLGH.jpg","datePublished":"2013-02-06T20:43:26+00:00","dateModified":"2025-11-02T20:56:29+00:00","breadcrumb":{"@id":"https:\/\/gruene-jaeger.de\/?page_id=252#breadcrumb"},"inLanguage":"de","potentialAction":[{"@type":"ReadAction","target":["https:\/\/gruene-jaeger.de\/?page_id=252"]}]},{"@type":"ImageObject","inLanguage":"de","@id":"https:\/\/gruene-jaeger.de\/?page_id=252#primaryimage","url":"https:\/\/gruene-jaeger.de\/wp-content\/uploads\/2013\/01\/cropped-headerLGH.jpg","contentUrl":"https:\/\/gruene-jaeger.de\/wp-content\/uploads\/2013\/01\/cropped-headerLGH.jpg","width":1000,"height":186},{"@type":"BreadcrumbList","@id":"https:\/\/gruene-jaeger.de\/?page_id=252#breadcrumb","itemListElement":[{"@type":"ListItem","position":1,"name":"Home","item":"https:\/\/gruene-jaeger.de\/"},{"@type":"ListItem","position":2,"name":"Jugendkapelle","item":"https:\/\/gruene-jaeger.de\/?page_id=36"},{"@type":"ListItem","position":3,"name":"\u00dcber uns"}]},{"@type":"WebSite","@id":"https:\/\/gruene-jaeger.de\/#website","url":"https:\/\/gruene-jaeger.de\/","name":"Trachtenkapelle Gr\u00fcne J\u00e4ger e.V.","description":"Musikverein Neusatz - gegr. 1896","publisher":{"@id":"https:\/\/gruene-jaeger.de\/#organization"},"potentialAction":[{"@type":"SearchAction","target":{"@type":"EntryPoint","urlTemplate":"https:\/\/gruene-jaeger.de\/?s={search_term_string}"},"query-input":{"@type":"PropertyValueSpecification","valueRequired":true,"valueName":"search_term_string"}}],"inLanguage":"de"},{"@type":"Organization","@id":"https:\/\/gruene-jaeger.de\/#organization","name":"\"Gr\u00fcne J\u00e4ger\" Musikverein Neusatz e.V.","url":"https:\/\/gruene-jaeger.de\/","logo":{"@type":"ImageObject","inLanguage":"de","@id":"https:\/\/gruene-jaeger.de\/#\/schema\/logo\/image\/","url":"http:\/\/gruene-jaeger.de\/wp-content\/uploads\/2015\/11\/Logo.png","contentUrl":"http:\/\/gruene-jaeger.de\/wp-content\/uploads\/2015\/11\/Logo.png","width":500,"height":500,"caption":"\"Gr\u00fcne J\u00e4ger\" Musikverein Neusatz e.V."},"image":{"@id":"https:\/\/gruene-jaeger.de\/#\/schema\/logo\/image\/"}}]}},"ticketed":false,"_links":{"self":[{"href":"https:\/\/gruene-jaeger.de\/index.php?rest_route=\/wp\/v2\/pages\/252","targetHints":{"allow":["GET"]}}],"collection":[{"href":"https:\/\/gruene-jaeger.de\/index.php?rest_route=\/wp\/v2\/pages"}],"about":[{"href":"https:\/\/gruene-jaeger.de\/index.php?rest_route=\/wp\/v2\/types\/page"}],"author":[{"embeddable":true,"href":"https:\/\/gruene-jaeger.de\/index.php?rest_route=\/wp\/v2\/users\/1"}],"replies":[{"embeddable":true,"href":"https:\/\/gruene-jaeger.de\/index.php?rest_route=%2Fwp%2Fv2%2Fcomments&post=252"}],"version-history":[{"count":23,"href":"https:\/\/gruene-jaeger.de\/index.php?rest_route=\/wp\/v2\/pages\/252\/revisions"}],"predecessor-version":[{"id":3871,"href":"https:\/\/gruene-jaeger.de\/index.php?rest_route=\/wp\/v2\/pages\/252\/revisions\/3871"}],"up":[{"embeddable":true,"href":"https:\/\/gruene-jaeger.de\/index.php?rest_route=\/wp\/v2\/pages\/36"}],"wp:featuredmedia":[{"embeddable":true,"href":"https:\/\/gruene-jaeger.de\/index.php?rest_route=\/wp\/v2\/media\/50"}],"wp:attachment":[{"href":"https:\/\/gruene-jaeger.de\/index.php?rest_route=%2Fwp%2Fv2%2Fmedia&parent=252"}],"curies":[{"name":"wp","href":"https:\/\/api.w.org\/{rel}","templated":true}]}}